late the greatest common factor of 32 and r.
4
Suppose 5*z - 133 = -3*n, -3*z + 0*n + 80 = 2*n. Calculate the highest common factor of 52 and z.
26
Let m(x) = 2*x + 7. Let b be m(3). Calculate the highest common divisor of 13 and b.
13
Let k be (4 + -6)/(-1 + -1). Let b = k + 47. Suppose 3*c = 6*c - b. Calculate the highest common divisor of 128 and c.
16
Let s be 8 - 6/(-9)*-3. Suppose -s*l + l = 165. Let p = l + 46. What is the highest common divisor of 52 and p?
13
Suppose 9 = 2*s - s. Calculate the greatest common factor of 1 and s.
1
Let l(u) = -2*u**3 - 2*u**2 - 2*u - 3. Suppose o + 10 = -4*o. Let s be l(o). What is the highest common divisor of 1 and s?
1
Let v be 0/3 - -3 - (3 + -3). Calculate the highest common divisor of 24 and v.
3
Let h(t) = -t**2 + 6*t + 3. Let n be h(5). Let x = 30 + -29. Calculate the highest common factor of x and n.
1
Let m(u) = -33*u**3 + u + 2. Let f be m(-1). Suppose s = -c + 90 + 28, 0 = 5*s + 4*c - 587. Let t = -30 + s. What is the highest common factor of f and t?
17
Let u be ((-69)/6)/((-3)/6). Suppose 227 = 2*c - u. What is the highest common divisor of 50 and c?
25
Let u be (-4)/6*882/24*-2. Let k(t) = -3*t - 5. Let q be k(-4). Calculate the highest common divisor of q and u.
7
Let k(x) = -x**3 + 6*x**2 - 4*x - 2. Let h be k(5). Let u be h*(-1 - 1/(-3)). Let c be (2 + 282)/2 + u. Calculate the highest common factor of 20 and c.
20
Let v = -1 - -6. Suppose 4*d - 3*i = d + 12, 2*d = v*i - 7. Let a = 208 - 127. Calculate the greatest common factor of d and a.
9
Let b(r) = r**2 + 17*r + 24. Let q be b(-16). What is the greatest common divisor of 56 and q?
8
Let u(b) = -b + 8. Let r be u(7). Let m(n) = 0*n + 2 - n + r. Let p be m(-5). What is the greatest common divisor of p and 24?
8
Let u be 2*(-44)/(-16)*6. What is the highest common factor of 22 and u?
11
Suppose 437 - 77 = 9*x. Calculate the highest common factor of x and 10.
10
Suppose 0 = 6*k - 5*k - 49. Calculate the highest common factor of 7 and k.
7
Let d = 24 + -12. Let h(j) = j**3 - 10*j**2 - 4*j - 3. Let a be h(10). Let r = 91 + a. Calculate the highest common divisor of d and r.
12
Let n = 9 + -4. Calculate the greatest common factor of n and 55.
5
Suppose -11*n = -13*n + 30. Calculate the greatest common divisor of n and 10.
5
Suppose -2*p = -5*p + 57. Calculate the highest common divisor of 57 and p.
19
Let g(q) = -q**3 + 9*q**2 - 10*q + 2. Let a be g(7). Calculate the greatest common factor of a and 20.
10
Let p(r) = r**3 - 14*r**2 + 8*r - 10. Let i be p(14). Calculate the greatest common factor of i and 34.
34
Let m be 82/4 + 13/(-26). Calculate the greatest common factor of 100 and m.
20
Let l = 7 - -3. Calculate the greatest common divisor of 15 and l.
5
Let n(c) = 11*c**2 + c - 2. Let y be (-6)/(-24) - 22/(-8). Let s be n(y). Calculate the greatest common factor of 40 and s.
20
Let r be (1 - 3)*(-7 - -8). Let f be (-13)/r + 2/(-4). Suppose -f = -2*v + 2. Calculate the highest common divisor of 40 and v.
4
Suppose 2*d = 7*d. Suppose -4*c + 36 = -d*c. Calculate the highest common factor of c and 1.
1
Let x be (-132)/2*(-4 - (-12)/8). Calculate the highest common factor of 15 and x.
15
Let w(n) = 2*n**2 - 17*n + 12. Let r be w(8). What is the highest common factor of r and 4?
4
Suppose 1 = -u + 6. What is the greatest common divisor of 2 and u?
1
Let o = -1 + 21. What is the greatest common divisor of o and 180?
20
Let p be (-2)/(-8) - 15/(-4). Suppose 3 - 19 = -p*x. What is the greatest common factor of x and 44?
4
Suppose 1005 = 5*n + 5*u, 0 = 2*n + 4*u + u - 405. What is the greatest common factor of 25 and n?
25
Suppose -i + 5*q = -32, 0 = 3*i - 2*q - 20 - 11. Calculate the greatest common divisor of 7 and i.
7
Let s = -8 - -11. Suppose 5 = -3*t + 2*v + 97, s*t - 3*v = 93. What is the highest common factor of t and 20?
10
Let j(m) = 2*m - 5. Let z be j(10). Suppose 0*n - 604 = -5*k - n, -3*n = -2*k + 228. Calculate the greatest common factor of k and z.
15
Suppose -30*m + 29*m + 1 = 0. What is the greatest common divisor of 2 and m?
1
Suppose j - 2 - 6 = 0. What is the greatest common factor of j and 1?
1
Let b = -7 + 8. Calculate the highest common divisor of b and 9.
1
Suppose -5*f + f = -80. Let w be 285/f - (-1)/(-4). Let h be (2*49)/(-2 + 3). Calculate the highest common factor of h and w.
14
Let t(h) = -7*h. Let n be t(-11). Calculate the highest common factor of 11 and n.
11
Let x be (4 - 16)*2/(-4). Let m be x - -3 - (-4)/2. What is the highest common divisor of 121 and m?
11
Let x(a) = -a**3 + a**2 - a + 36. Let f be x(0). Calculate the greatest common factor of 18 and f.
18
Suppose -3*f + 10 = -23. Let d(n) = 50*n + 3 + 4*n - 2. Let o be d(1). Calculate the highest common factor of o and f.
11
Suppose 5*g - 50 + 13 = -4*q, -2*g = -3*q + 45. Let l be (-365)/(-11) - 4/22. Suppose l = 5*z - 32. What is the greatest common divisor of z and q?
13
Suppose -2*i = 6, 4 - 43 = -5*h + 3*i. Calculate the highest common divisor of 42 and h.
6
Suppose 0 = 5*h + 2 - 37. Let z = h - 6. Calculate the highest common factor of 2 and z.
1
Let i(j) = -j**3 + 7*j**2 + j - 4. Let h be i(7). Suppose 0 = z - h*z + 16. Calculate the greatest common divisor of z and 40.
8
Let r be (3/(-4))/(3/(-60)). Let d be (-2)/7 - 115/(-35). Suppose 4*i - 6 = f, f + d*i + 38 = 6*f. Calculate the highest common divisor of r and f.
5
Let t(f) = -f**2 + 14*f - 37. Let o be t(7). What is the greatest common factor of 132 and o?
12
Suppose 2*f - 3*a + 14 - 40 = 0, 5*f - 88 = -4*a. Suppose 0 = 3*c - 61 + 55. Calculate the highest common divisor of c and f.
2
Let f = 291 + -159. Let t(k) = 2*k + 5. Let j be t(-6). Let x(a) = -a + 5. Let h be x(j). What is the highest common divisor of f and h?
12
Suppose 5*j - 2*a = -0*a + 10, -4*j + 3*a = -8. Suppose 5*c - 5*s = 2*c + 26, 2*c - 12 = j*s. What is the greatest common divisor of 10 and c?
2
Let c(w) = -w - 4. Let x be c(-6). Let u(v) = x*v - 2*v**2 - 19*v**3 + 2 + 2*v**2. Let k be u(-2). What is the greatest common divisor of 15 and k?
15
Suppose 5*a - i = 64, 44 = 5*a - a + i. What is the highest common factor of a and 8?
4
Let t(y) = 20*y + 6. Let m be t(4). Let r = 150 - m. What is the greatest common factor of 16 and r?
16
Suppose p - 5 = 4*r + r, -4*p + 58 = -r. What is the highest common divisor of 105 and p?
15
Let s = 16 + -6. Suppose 2*u + 3*u - 125 = 0. Calculate the highest common factor of s and u.
5
Suppose -3*o - 270 = -8*o. What is the greatest common divisor of 135 and o?
27
Let v = -3 - -12. Let o(m) = m**3 + m**2 - 7*m + 4. Let s be o(6). Let y be -4*(2 + s/(-8)). What is the highest common factor of v and y?
9
Let y be (-24)/(-14)*21/6. Let d(n) = n**2 - 6*n + 6. Let b be d(y). Calculate the highest common factor of b and 30.
6
Let g = 107 + -59. Let b = g + -30. Calculate the greatest common divisor of b and 54.
18
Let x = -81 + 117. Suppose -4*o + x = -o. What is the highest common factor of o and 108?
12
Let d = 4 - -15. Suppose 0 = -0*r - r + d. Calculate the highest common factor of r and 76.
19
Let g = 0 + 4. Suppose g*o - 9 = 3. What is the greatest common divisor of 3 and o?
3
Suppose 2*p + 2*y - 34 = 0, 3 = 2*p - 2*y - 35. What is the highest common factor of 198 and p?
18
Suppose 0 + 2 = d. Suppose 4*l - 8 = 2*h - 64, -42 = -d*h - 3*l. Suppose -4*u + 44 = 3*o, -o + 4 + 8 = 4*u. What is the greatest common divisor of h and o?
8
Suppose 315 = 9*l - 6*l. Let j be 7/((-10)/12 - -1). Calculate the highest common divisor of l and j.
21
Let f be -2*4*(-2)/4. Suppose 294 = f*w + 74. Calculate the highest common divisor of 11 and w.
11
Let y = 186 - 111. Suppose 0*p + 90 = p. Suppose -2*a - a = -p. Calculate the highest common factor of a and y.
15
Let y = -7 + 21. Calculate the greatest common factor of 112 and y.
14
Let a be 1/(((-4)/(-6))/2). Let x(f) = f**3 - 3*f**2 + f - 2. Let i be x(a). Calculate the highest common factor of i and 3.
1
Let m = 15 + -17. Let v = m - -14. Calculate the greatest common divisor of 84 and v.
12
Let m(d) = -6*d**2 + 10*d + 5. Let a(u) = 5*u**2 - 10*u - 6. Let r(k) = -7*a(k) - 6*m(k). Let t be r(-10). What is the greatest common divisor of 96 and t?
12
Let l be 28/16 - 2/(-8). Suppose -l*b = b - 12. Suppose -m - 18 = 5*n - 98, b*n = -4*m + 80. What is the highest